e number?
False
Let r(n) = 30*n**2 - 25*n + 55. Let f be r(11). Suppose g = -2*d + 6815, -5*d + 6*d + 3*g = f. Is d composite?
False
Let u be (-352)/(-18)*45/12*-6. Let m = -145 - u. Is m prime?
False
Suppose -13*t - 87891 + 162200 = -409824. Is t composite?
True
Suppose -j + 183703 = 3*v, -3*j - 183701 = -3*v - 2*j. Suppose -5*h = y - v, 21*h - 4*y + 36737 = 24*h. Is h a prime number?
False
Let m(g) = -21*g - 126. Let n be m(-6). Suppose n = -5*h + 4*q + 37871, 13*h - 7567 = 12*h - q. Is h a composite number?
True
Suppose -3*w - 14*r + 19*r + 295526 = 0, -2*w = 2*r - 197012. Is w a prime number?
True
Let l(w) = -5*w**2 - 5*w + 66. Let z be l(-8). Let v = z - -1687. Is v a prime number?
False
Let f = 439 + -433. Is (3710/(-30))/((-2)/f) a prime number?
False
Suppose -4684 = -0*u - 4*u. Suppose -w - q - 6*q = -1215, 4*q = w - u. Is w prime?
True
Let q(l) = 965*l**3 + 236*l**2 - 37*l - 15. Is q(11) prime?
False
Suppose -4*i - h = -638151, 208730 + 269892 = 3*i - h. Is i prime?
True
Let z = -16114 - -22851. Is z composite?
False
Let l(a) = -a**3 - 5*a**2 - 4*a - 7. Let s = -63 + 65. Suppose -s*o - 10 = 2*u, -4*u = 3*o - 4*o + 20. Is l(u) a prime number?
True
Suppose 0*z - 2*d = -5*z + 2092, 0 = -4*d + 16. Suppose 11*o - 6*o = 4*m - 835, 2*m = 2*o + z. Is m prime?
False
Suppose 0 = -37*j + 350867 + 931812. Is j composite?
False
Let t be -5 + 60/(2 + 2). Suppose 0 = -5*w + 20, -10604 = -t*j + 6*j - 2*w. Suppose 0 = 9*f - 3309 - j. Is f composite?
True
Suppose -1443 = -5*y + 25107. Let n = y - 1501. Is n composite?
True
Let c = -2402 + 22624. Is c a prime number?
False
Suppose -2*j + 211 = -541. Let d = 22450 + j. Suppose 7*i - 1751 = d. Is i a composite number?
False
Let c(r) = -5*r - 12 - r**3 - 14*r**2 + 26*r**2 - 2*r - 16*r**2. Let b be c(-4). Is 3328/b - (1 - -4) a composite number?
True
Let j = 54153 - -30034. Is j a composite number?
True
Suppose -26 = -t - 3*w - 80, -w = -3*t - 182. Let f be (-2)/6 + t/(-18). Suppose 1234 = g + f*j, -2474 = -2*g + 2*j - 6*j. Is g composite?
True
Let a(p) = 21*p**3 - 9*p**2 + 112*p + 189. Is a(35) a composite number?
True
Let l be 1*(33342 + (0 - -4)). Suppose -647 = -27*g + l. Is g a prime number?
True
Let g be (-952 + 20)/((-11)/(-9) + -1). Let a = g - -16153. Is a prime?
True
Suppose -588*m = -354*m - 37040562. Is m a composite number?
False
Is ((-11)/((-165)/(-10)) - 298302/18)*-1 prime?
True
Let d be ((498/(-4))/1)/((-90)/120) + 2. Suppose -2*i = 2*o - 10 - 68, 109 = 3*i - o. Let n = d + i. Is n a composite number?
True
Suppose -3*n + 5 = -2*n, -33 = -4*t - 5*n. Suppose -334 + 1980 = 4*r + t*y, y - 410 = -r. Is r composite?
True
Let n(h) = -50*h + 38. Let y(d) be the third derivative of 25*d**4/6 - 38*d**3/3 - 4*d**2. Let t(b) = -7*n(b) - 3*y(b). Is t(12) a composite number?
True
Let i(c) = 2769*c - 1741. Is i(50) a prime number?
True
Let n(z) = 2*z**2 - 5 + 27*z**3 - 49*z + 52*z - 4*z**3. Is n(4) composite?
False
Let z(b) = 483*b**2 + 44*b + 1307. Is z(-24) composite?
False
Let y be (-11884)/(-2) - -8*(-6)/24. Suppose 4*t = 4*v + y, t + 2955 = -2*v - 2*t. Let w = 2123 + v. Is w composite?
False
Is -18 + 29 - 11962*-3 composite?
False
Suppose -160*v + 6219215 = -8010065. Is v a prime number?
False
Is (822107/22 + -34)/(2*(-2)/(-8)) composite?
True
Suppose -2165 = -w - 2*y, -5*w + 7*y + 10760 = 4*y. Suppose 23*s - 28*s + w = 0. Let l = s - 12. Is l prime?
True
Suppose -126 = 59*y - 66*y. Is 0 - (-7442)/4 - y/(-36) a composite number?
False
Let b(z) be the second derivative of 331*z**4/6 - 5*z**3/6 - z**2/2 + 12*z. Suppose 4*k + 5*m = -18, 3*m - 3 = -5*k - 19. Is b(k) a composite number?
False
Let z = 145106 + -80985. Is z prime?
False
Let g(f) = -1. Let u(n) = 50*n**2 - n - 2. Let r(z) = 2*g(z) + u(z). Let p(l) = 49*l**2 - 2*l - 3. Let h(d) = -3*p(d) + 4*r(d). Is h(6) composite?
False
Let x be (9/(-12))/((14/8)/(-7)). Let g be (-62)/(-2) + (-2)/(1 - x). Suppose 28*t = g*t - 3628. Is t prime?
True
Let q(b) = -50*b**2 - 16*b - 31. Let l = -2 + 4. Let t(h) = 10*h**2 + 3*h + 6. Let v(o) = l*q(o) + 11*t(o). Is v(5) prime?
False
Let g(x) = -2428*x + 5737. Is g(-10) a prime number?
False
Suppose 2*d = -4*w - 10, 0*w + 25 = 3*d - 2*w. Suppose -d*b + 12*a = 7*a - 8655, -a = -5*b + 8663. Is b a composite number?
False
Let x(u) = -16*u**3 + 14*u**2 - 22*u + 43. Is x(-13) a composite number?
False
Is (-57477)/(-2) - 23/46 composite?
True
Let m = -554 + 565. Suppose -5*x = 4*t - 14149, 2*x + 9*t - m*t = 5674. Is x composite?
False
Suppose 0*n - 2531 = -j + 2*n, 0 = 2*j - 2*n - 5058. Let x = j - -16578. Is x a composite number?
True
Let h be 24/20 + 2/(-10). Let i be ((-8)/(-12))/(h/12*2). Suppose -d - 2*p + 2737 = -6*p, 4*d + i*p - 10968 = 0. Is d prime?
True
Suppose -53 = -7*q - 67. Is 4 - (1 - (-9632)/q) a composite number?
True
Suppose 5*i - 7259 - 12056 = 0. Is i a composite number?
False
Is (10 + -11)/(((-14)/(-25555278))/((-1)/3)) composite?
False
Suppose -k + 3*g + 65201 + 13209 = 0, 5*k - 391996 = -3*g. Is k composite?
False
Let f(z) = -5466*z + 1859. Is f(-10) a composite number?
False
Let m(z) = 6*z**2 - 3*z + 5. Suppose v + 4 = -5*r, 0 = v + v - r - 47. Let u = 11 - v. Is m(u) prime?
False
Let b(j) = 58*j - 80. Let k be b(6). Suppose 1763 = 5*o + k. Is o a composite number?
True
Let w(q) = 571*q**2 - 15*q + 30. Let t be w(2). Suppose 7*o - 12*o + 25 = 0. Suppose t - 639 = o*f. Is f composite?
True
Let k(s) = -919*s**2 - 921*s**2 + 1841*s**2 + 14 - 7*s. Suppose -2*y + 6 + 16 = 0. Is k(y) a prime number?
False
Suppose 4*r - 3039 = -987. Let z be -8*(-49)/245*725/(-4). Let s = z + r. Is s a composite number?
False
Let q(y) = y**3 - 15*y**2 + 14*y - 19. Suppose f - 5*s = 0, -1 - 2 = -3*s. Suppose 2*u - 2*r = 34, -r - 4*r + f = u. Is q(u) composite?
False
Let u(p) = -2459*p**2 + 4*p - 12. Let l(v) be the second derivative of 205*v**4/4 - v**3/6 + 3*v**2/2 + 5*v. Let o(a) = 9*l(a) + 2*u(a). Is o(-2) prime?
True
Let n = 1422 - -505. Is n a composite number?
True
Suppose -5*m = b - 4*b + 3869463, 3*b - 4*m - 3869469 = 0. Is b prime?
True
Let z(s) = 17*s**2 + 6*s + 8. Suppose 26 = -5*c + 4*d, 0 = 3*c + d - 2 + 4. Let i be (-72)/9 + 3 + c. Is z(i) a prime number?
False
Is (-205993112)/(-160) + 10/200 composite?
False
Suppose 3*w = w - v + 12, 0 = 3*w - 3*v - 36. Suppose -5*a = -0*x + 2*x - w, 2*x - 8 = 0. Suppose -4*p + p + 1905 = a. Is p a composite number?
True
Is (285/(-570))/(1/(-235930)) composite?
True
Suppose 0 = 2*b - 26 + 82. Is ((-289)/3)/(b/84) composite?
True
Let o = 209 + -223. Let n(g) = -49*g - 3. Is n(o) prime?
True
Let x be -32 + 27 + (7 - 0). Suppose x*h - 1338 = -0*q + 2*q, -q + 2696 = 4*h. Is h a composite number?
False
Let j(o) = -7*o**2 + 0 - 12*o**2 + o**3 + 3*o**2 - 1 - 13*o. Suppose 0*x - 44 = -2*m + 4*x, -5*x + 80 = 5*m. Is j(m) composite?
True
Let f(z) = 2*z**2 + 15*z - 26. Let d(k) = k**2 + k - 1. Let l(t) = 3*d(t) - f(t). Let g be l(-11). Let x = -121 + g. Is x prime?
False
Let d(o) = o**3 - 4*o**2 + 4*o - 8. Let t be d(4). Let m be 94 - 6/t*4. Let b = m - -72. Is b prime?
True
Let v = 13703 - 5070. Is v a prime number?
False
Suppose 2*o + 3674 = -4*i, -o = -2*i - 806 - 1041. Let l = i + 1939. Is l prime?
False
Let y = -98 - -103. Suppose n = -3*a + 715 + 2618, n = -y*a + 5555. Is a prime?
False
Let w be ((-6)/(-8))/((-42)/24 + 2). Let f(i) = -i + 6. Let x be f(w). Suppose -5*d = x*d - 1688. Is d a prime number?
True
Let x(l) = -4*l**2 + 6*l - 2*l + 26 + 5*l**2 + 7*l. Let r be x(-8). Suppose r*a + 1178 = 4*n, -4*n + 3*n + 290 = a. Is n prime?
True
Let w(s) = -s - 1. Let b(m) = -118*m + 19. Let q(p) = -b(p) - 4*w(p). Suppose 3*k - 12 = 4*r + 18, 0 = -4*k + 3*r + 47. Is q(k) prime?
True
Suppose 4*f - 22847 = -4*v + 559537, 145606 = f - v. Is f prime?
True
Let c = 305 - 305. Suppose c = 43*r - 28729 - 29020. Is r composite?
True
Let q = 7160 + -4339. Suppose -2*c = -5*s - q + 10444, 0 = -5*c - 20. Is s a prime number?
True
Suppose 0 = b + 4*v - 9 - 4, 4*v = 5*b - 17. Suppose -8615 = -2*t + 3*c + 791, -b*t - 3*c = -23515. Is t composite?
False
Suppose -3*d = -m - 69809, 4*d + 4*m = 107790 - 14722. Is d a prime number?
True
Suppose 5*i - 501 = -476, 0 = -2*l - i + 12247. Is l prime?
True
Let x be ((-3940)/6)/((-1)/6). Suppose -2*g + a + 3937 = -x, -3*g = a - 11823. Let n = g + -1745. Is n